Dec 02 02:29:23.576 INFO testing Vallium/rubik-rs against master#8940af3cea4a9a9deabcaf843b2f8cad9a83fc61 for beta-1.31-5
Dec 02 02:29:23.576 INFO running `"docker" "create" "-v" "/mnt/big/crater/work/local/target-dirs/beta-1.31-5/worker-3/master#8940af3cea4a9a9deabcaf843b2f8cad9a83fc61:/target:rw,Z" "-v" "/mnt/big/crater/work/local/test-source/worker-3/beta-1.31-5/master#8940af3cea4a9a9deabcaf843b2f8cad9a83fc61:/source:ro,Z" "-v" "/mnt/big/crater/work/local/cargo-home:/cargo-home:ro,Z" "-v" "/mnt/big/crater/work/local/rustup-home:/rustup-home:ro,Z" "-e" "USER_ID=1000" "-e" "SOURCE_DIR=/source" "-e" "USER_ID=1000" "-e" "CMD=cargo +8940af3cea4a9a9deabcaf843b2f8cad9a83fc61-alt build --frozen" "-e" "CARGO_TARGET_DIR=/target" "-e" "CARGO_INCREMENTAL=0" "-e" "RUST_BACKTRACE=full" "-e" "RUSTFLAGS=--cap-lints=warn" "-e" "CARGO_HOME=/cargo-home" "-e" "RUSTUP_HOME=/rustup-home" "-m" "1536M" "--network" "none" "crater"`
Dec 02 02:29:23.994 INFO [stdout] ed24a365191f627af1ed8f07f9bc15fd671fc22bb08019b91ffe15129c172022
Dec 02 02:29:23.999 INFO running `"docker" "start" "-a" "ed24a365191f627af1ed8f07f9bc15fd671fc22bb08019b91ffe15129c172022"`
Dec 02 02:29:24.982 INFO [stderr] usermod: no changes
Dec 02 02:29:25.073 INFO [stderr]    Compiling bincode v0.9.2
Dec 02 02:29:26.502 INFO [stderr]    Compiling rubik v0.1.0 (/source)
Dec 02 02:29:27.056 INFO [stderr] error[E0554]: #![feature] may not be used on the beta release channel
Dec 02 02:29:27.057 INFO [stderr]  --> src/main.rs:1:1
Dec 02 02:29:27.057 INFO [stderr]   |
Dec 02 02:29:27.057 INFO [stderr] 1 | #![feature(inclusive_range_syntax)]
Dec 02 02:29:27.057 INFO [stderr]   | ^^^^^^^^^^^^^^^^^^^^^^^^^^^^^^^^^^^
Dec 02 02:29:27.057 INFO [stderr] 
Dec 02 02:29:27.057 INFO [stderr] error[E0554]: #![feature] may not be used on the beta release channel
Dec 02 02:29:27.057 INFO [stderr]  --> src/main.rs:2:1
Dec 02 02:29:27.057 INFO [stderr]   |
Dec 02 02:29:27.057 INFO [stderr] 2 | #![feature(box_syntax)]
Dec 02 02:29:27.057 INFO [stderr]   | ^^^^^^^^^^^^^^^^^^^^^^^
Dec 02 02:29:27.057 INFO [stderr] 
Dec 02 02:29:27.057 INFO [stderr] error[E0554]: #![feature] may not be used on the beta release channel
Dec 02 02:29:27.057 INFO [stderr]  --> src/main.rs:3:1
Dec 02 02:29:27.057 INFO [stderr]   |
Dec 02 02:29:27.057 INFO [stderr] 3 | #![feature(test)]
Dec 02 02:29:27.057 INFO [stderr]   | ^^^^^^^^^^^^^^^^^
Dec 02 02:29:27.057 INFO [stderr] 
Dec 02 02:29:27.058 INFO [stderr] error: aborting due to 3 previous errors
Dec 02 02:29:27.058 INFO [stderr] 
Dec 02 02:29:27.058 INFO [stderr] For more information about this error, try `rustc --explain E0554`.
Dec 02 02:29:27.066 INFO [stderr] error: Could not compile `rubik`.
Dec 02 02:29:27.066 INFO [stderr] 
Dec 02 02:29:27.066 INFO [stderr] To learn more, run the command again with --verbose.
Dec 02 02:29:27.067 INFO [stderr] su: No module specific data is present
Dec 02 02:29:27.464 INFO running `"docker" "inspect" "ed24a365191f627af1ed8f07f9bc15fd671fc22bb08019b91ffe15129c172022"`
Dec 02 02:29:27.571 INFO running `"docker" "rm" "-f" "ed24a365191f627af1ed8f07f9bc15fd671fc22bb08019b91ffe15129c172022"`
Dec 02 02:29:27.719 INFO [stdout] ed24a365191f627af1ed8f07f9bc15fd671fc22bb08019b91ffe15129c172022
